632 is divided by 46.
22
Calculate the remainder when 509122 is divided by 25.
22
What is the remainder when 419039 is divided by 1663?
1626
Calculate the remainder when 6478 is divided by 57.
37
Calculate the remainder when 22799 is divided by 75.
74
What is the remainder when 3264 is divided by 1046?
126
What is the remainder when 2875 is divided by 2818?
57
What is the remainder when 329015 is divided by 17?
14
What is the remainder when 16235 is divided by 295?
10
Calculate the remainder when 6581 is divided by 106.
9
What is the remainder when 415263 is divided by 23?
21
Calculate the remainder when 1717948 is divided by 15.
13
What is the remainder when 1896 is divided by 90?
6
Calculate the remainder when 25737 is divided by 22.
19
Calculate the remainder when 500235 is divided by 500229.
6
What is the remainder when 545 is divided by 79?
71
What is the remainder when 143194 is divided by 47727?
13
What is the remainder when 15132 is divided by 3773?
40
Calculate the remainder when 13832 is divided by 858.
104
Calculate the remainder when 75651 is divided by 196.
191
Calculate the remainder when 186427 is divided by 18635.
77
What is the remainder when 17026 is divided by 183?
7
Calculate the remainder when 961 is divided by 197.
173
Calculate the remainder when 15960 is divided by 3970.
80
What is the remainder when 13668 is divided by 402?
0
What is the remainder when 301484 is divided by 7?
1
What is the remainder when 14311 is divided by 243?
217
What is the remainder when 251929 is divided by 237?
235
Calculate the remainder when 27101 is divided by 903.
11
Calculate the remainder when 641076 is divided by 62.
58
What is the remainder when 2709 is divided by 159?
6
What is the remainder when 104966 is divided by 2282?
2276
What is the remainder when 21194 is divided by 10588?
18
Calculate the remainder when 147869 is divided by 11.
7
What is the remainder when 10192 is divided by 309?
304
Calculate the remainder when 19061 is divided by 908.
901
Calculate the remainder when 2769607 is divided by 19.
15
Calculate the remainder when 6374 is divided by 1162.
564
What is the remainder when 226707 is divided by 110?
107
What is the remainder when 12343 is divided by 1433?
879
Calculate the remainder when 11532 is divided by 5614.
304
What is the remainder when 95 is divided by 5?
0
What is the remainder when 25237 is divided by 515?
2
What is the remainder when 342181 is divided by 308?
301
Calculate the remainder when 14352 is divided by 14341.
11
What is the remainder when 2693 is divided by 2471?
222
What is the remainder when 112503 is divided by 399?
384
Calculate the remainder when 3364 is divided by 1445.
474
Calculate the remainder when 544 is divided by 140.
124
What is the remainder when 14327 is divided by 7159?
9
What is the remainder when 37297 is divided by 229?
199
Calculate the remainder when 2124 is divided by 192.
12
Calculate the remainder when 128680 is divided by 94.
88
Calculate the remainder when 2043 is divided by 1688.
355
Calculate the remainder when 4039 is divided by 132.
79
Calculate the remainder when 4894159 is divided by 91.
88
Calculate the remainder when 34950 is divided by 34.
32
What is the remainder when 1113 is divided by 183?
15
What is the remainder when 9239 is divided by 40?
39
What is the remainder when 61260 is divided by 20305?
345
What is the remainder when 2007001 is divided by 1003?
1001
What is the remainder when 136743 is divided by 8?
7
Calculate the remainder when 7158 is divided by 9.
3
What is the remainder when 70778 is divided by 47?
43
Calculate the remainder when 81051 is divided by 46.
45
What is the remainder when 48500 is divided by 21?
11
What is the remainder when 126129 is divided by 449?
409
What is the remainder when 2241869 is divided by 6?
5
What is the remainder when 6547 is divided by 237?
148
What is the remainder when 7321532 is divided by 1784?
1780
What is the remainder when 6549 is divided by 83?
75
What is the remainder when 11002 is divided by 501?
481
What is the remainder when 69165 is divided by 241?
239
Calculate the remainder when 158952 is divided by 196.
192
What is the remainder when 48694 is divided by 3043?
6
Calculate the remainder when 144496 is divided by 91.
79
Calculate the remainder when 12235 is divided by 582.
13
Calculate the remainder when 85367 is divided by 1707.
17
What is the remainder when 5325 is divided by 7?
5
What is the remainder when 26549 is divided by 8842?
23
Calculate the remainder when 519 is divided by 169.
12
Calculate the remainder when 1774 is divided by 28.
10
Calculate the remainder when 1441986 is divided by 9.
6
Calculate the remainder when 36948 is divided by 456.
12
Calculate the remainder when 25111 is divided by 412.
391
Calculate the remainder when 949 is divided by 448.
53
What is the remainder when 242850 is divided by 2076?
2034
What is the remainder when 5908 is divided by 285?
208
What is the remainder when 142875 is divided by 419?
415
What is the remainder when 11801 is divided by 281?
280
Calculate the remainder when 866 is divided by 333.
200
Calculate the remainder when 1978 is divided by 72.
34
Calculate the remainder when 20074 is divided by 6691.
1
Calculate the remainder when 2801 is divided by 592.
433
Calculate the remainder when 22505 is divided by 134.
127
What is the remainder when 653 is divided by 12?
5
Calculate the remainder when 5972 is divided by 1488.
20
Calculate the remainder when 216186 is divided by 72061.
3
Calculate the remainder when 37281 is divided by 12376.
153
What is the remainder when 107424 is divided by 1180?
44
Calculate the remainder when 142238 is divided by 5079.
26
What is the remainder when 94 is divided by 72?
22
What is the remainder when 326 is divided by 45?
11
What is the remainder when 10054 is divided by 197?
7
What is the remainder when 48213 is divided by 24099?
15
What is the remainder when 13655 is divided by 5?
0
What is the remainder when 1433 is divided by 193?
82
Calculate the remainder when 8666 is divided by 1177.
427
Calculate the remainder when 32467 is divided by 1119.
16
What is the remainder when 4973 is divided by 2476?
21
What is the remainder when 11706 is divided by 690?
666
Calculate the remainder when 17922 is divided by 640.
2
What is the remainder when 56405 is divided by 2011?
97
Calculate the remainder when 16901 is divided by 69.
65
Calculate the remainder when 378706 is divided by 11.
9
Calculate the remainder when 9016 is divided by 1500.
16
What is the remainder when 8186 is divided by 26?
22
Calculate the remainder when 1582933 is divided by 29.
26
Calculate the remainder when 27036 is divided by 1420.
56
What is the remainder when 5505 is divided by 85?
65
Calculate the remainder when 2431 is divided by 2340.
91
What is the remainder when 8447 is divided by 368?
351
What is the remainder when 7739 is divided by 7704?
35
Calculate the remainder when 4286698 is divided by 20.
18
What is the remainder when 46979 is divided by 250?
229
What is the remainder when 54181 is divided by 54173?
8
What is the remainder when 4322 is divided by 1600?
1122
What is the remainder when 1889 is divided by 462?
41
Calculate the remainder when 910698 is divided by 80.
58
What is the remainder when 45313 is divided by 39?
34
Calculate the remainder when 121027 is divided by 26.
23
What is the remainder when 908542 is divided by 43?
38
What is the remainder when 1569 is divided by 5?
4
Calculate the remainder when 30256 is divided by 3761.
168
What is the remainder when 1974 is divided by 1189?
785
What is the remainder when 230050 is divided by 19?
17
What is the remainder when 25570 is divided by 203?
195
What is the remainder when 3166 is divided by 96?
94
What is the remainder when 2973 is divided by 509?
428
What is the remainder when 584 is divided by 213?
158
Calculate the remainder when 11846 is divided by 11835.
11
Calculate the remainder when 4060 is divided by 2018.
24
Calculate the remainder when 3369 is divided by 2559.
810
Calculate the remainder when 398177 is divided by 2865.
2807
Calculate the remainder when 90555 is divided by 78.
75
What is the remainder when 74772 is divided by 140?
12
What is the remainder when 46228 is divid